True
Is 215000 a multiple of 125?
True
Does 70 divide 49210?
True
Is 703 a factor of 7190987?
True
Is 25 a factor of 49675?
True
Is 180 a factor of 77940?
True
Is 2624702 a multiple of 151?
False
Does 818 divide 1604260?
False
Is 460270 a multiple of 10?
True
Does 492 divide 9808746?
False
Is 372 a factor of 6903659?
False
Is 189 a factor of 135702?
True
Is 52341 a multiple of 239?
True
Does 311 divide 359498?
False
Does 17 divide 95217?
True
Does 50 divide 1667250?
True
Is 11 a factor of 253682?
True
Does 25 divide 175400?
True
Is 567492 a multiple of 114?
True
Does 9 divide 11016?
True
Is 2991216 a multiple of 4?
True
Is 1790511 a multiple of 2?
False
Is 4 a factor of 25378?
False
Is 139 a factor of 692086?
False
Is 989 even?
False
Is 5252088 a multiple of 464?
False
Does 257 divide 135657?
False
Is 28780 a multiple of 10?
True
Does 6 divide 3489570?
True
Is 52 a factor of 3836483?
False
Is 173510 a multiple of 425?
False
Is 638751 a multiple of 192?
False
Does 13 divide 410631?
True
Does 37 divide 155064?
False
Is 375 a factor of 882579?
False
Is 3 a factor of 2694891?
True
Is 8 a factor of 226040?
True
Is 431706 a multiple of 31?
True
Is 6208703 a multiple of 57?
False
Is 160344 a multiple of 102?
True
Is 1058233 a multiple of 187?
True
Is 380 a factor of 1078757?
False
Is 272 a factor of 902140?
False
Is 1560 a multiple of 24?
True
Is 137 a factor of 564029?
True
Is 4 a factor of 182812?
True
Does 10 divide 223194?
False
Is 821686 a multiple of 30?
False
Is 127548 a multiple of 25?
False
Is 11 a factor of 31751?
False
Is 68 a factor of 158712?
True
Is 312022 a multiple of 273?
False
Is 497 a factor of 2284539?
False
Does 47 divide 185077?
False
Does 72 divide 2197872?
True
Is 532476 a multiple of 18?
True
Is 3144960 a multiple of 1512?
True
Is 59 a factor of 75715?
False
Is 113 a factor of 2003716?
True
Is 56822 a multiple of 36?
False
Is 68854 a multiple of 99?
False
Is 84880 a multiple of 16?
True
Is 65 a factor of 2173767?
False
Is 1621620 a multiple of 99?
True
Is 27 a factor of 1222722?
True
Is 1585542 a multiple of 28?
False
Is 85 a factor of 1661665?
True
Is 46 a factor of 161920?
True
Is 209 a factor of 38192?
False
Is 615120 a multiple of 29?
False
Is 9270 a multiple of 10?
True
Is 501 a factor of 3816622?
False
Is 300 a factor of 940457?
False
Is 18 a factor of 74286?
True
Does 137 divide 2725752?
True
Is 53 a factor of 516114?
True
Does 30 divide 97020?
True
Does 98 divide 15974?
True
Does 42 divide 8139310?
False
Is 274888 a multiple of 117?
False
Is 39 a factor of 653316?
False
Is 922244 a multiple of 30?
False
Is 12 a factor of 810152?
False
Does 90 divide 895424?
False
Does 19 divide 61329?
False
Does 797 divide 2898689?
True
Does 21 divide 11537589?
True
Does 5 divide 656191?
False
Is 9746974 a multiple of 289?
False
Does 20 divide 6230143?
False
Is 30880 a multiple of 8?
True
Is 885 a factor of 2673585?
True
Is 3769 a multiple of 12?
False
Is 1395862 a multiple of 50?
False
Is 1108215 a multiple of 31?
False
Is 465948 a multiple of 84?
True
Is 239392 a multiple of 90?
False
Does 15 divide 77511?
False
Is 2 a factor of 1813676?
True
Is 22 a factor of 754952?
True
Does 22 divide 159054?
False
Is 13 a factor of 1791432?
False
Is 3817816 a multiple of 75?
False
Is 6 a factor of 1158672?
True
Does 59 divide 117233?
True
Is 621 a factor of 894861?
True
Is 171600 a multiple of 50?
True
Does 75 divide 201975?
True
Is 16 a factor of 481421?
False
Is 11 a factor of 26092?
True
Is 423940 a multiple of 164?
True
Is 1122286 a multiple of 16?
False
Is 13646 a multiple of 359?
False
Is 465883 a multiple of 305?
False
Is 42 a factor of 176610?
True
Does 148 divide 120768?
True
Does 27 divide 436617?
True
Does 1002 divide 16049060?
False
Is 270 a factor of 278640?
True
Is 89760 a multiple of 136?
True
Is 487415 a multiple of 71?
True
Is 678099 a multiple of 41?
True
Does 18 divide 51876?
True
Is 2705860 a multiple of 10?
True
Does 24 divide 612072?
True
Is 21 a factor of 22844?
False
Is 13 a factor of 29731?
True
Does 8 divide 6291917?
False
Is 226 a factor of 3322699?
False
Is 185821 a multiple of 12?
False
Is 361792 a multiple of 11?
False
Does 82 divide 48216?
True
Is 9609924 a multiple of 15?
False
Is 4 a factor of 425182?
False
Is 1006065 a multiple of 127?
False
Is 24 a factor of 15087360?
True
Is 99067 a multiple of 157?
True
Is 284 a factor of 7251940?
True
Does 279 divide 132246?
True
Is 20 a factor of 49220?
True
Is 58 a factor of 328107?
False
Is 24 a factor of 6674085?
False
Is 56 a factor of 1763384?
True
Is 1671041 a multiple of 535?
False
Does 282 divide 1809460?
False
Does 31 divide 4240056?
True
Is 2155581 a multiple of 68?
False
Does 74 divide 8658074?
True
Is 82834 a multiple of 3?
False
Is 86201 a multiple of 48?
False
Is 541592 a multiple of 8?
True
Does 49 divide 98404?
False
Is 117 a factor of 36570?
False
Is 2 a factor of 30977?
False
Does 134 divide 8028846?
False
Is 9623049 a multiple of 19?
False
Does 8 divide 2105304?
True
Is 734483 a multiple of 272?
False
Does 25 divide 4521100?
True
Is 167748 a multiple of 28?
True
Does 12 divide 28127508?
True
Is 916084 a multiple of 223?
True
Is 152 a factor of 12850?
False
Is 335025 a multiple of 45?
True
Is 339865 a multiple of 68?
False
Is 639012 a multiple of 141?
True
Does 2 divide 48820?
True
Is 22291963 a multiple of 420?
False
Is 82656 a multiple of 246?
True
Does 15 divide 11853?
False
Is 97 a factor of 1791784?
True
Is 40030 a multiple of 10?
True
Is 4 a factor of 109907?
False
Does 79 divide 3416434?
True
Is 119256 a multiple of 7?
False
Is 36232 a multiple of 55?
False
Is 5948401 a multiple of 331?
True
Is 92809 a multiple of 65?
False
Is 529530 a multiple of 190?
True
Does 134 divide 77630?
False
Does 142 divide 2095636?
True
Is 158 a factor of 5214?
True
Is 290846 a multiple of 51?
False
Is 86645 a multiple of 43?
True
Does 32 divide 73632?
True
Is 369 a factor of 6876460?
False
Is 218 a factor of 90373?
False
Is 69 a factor of 1279191?
True
Is 67 a factor of 225696?
False
Is 146 a factor of 5894604?
True
Is 3315 a multiple of 8?
False
Is 182098 a multiple of 62?
False
Is 8985445 a multiple of 149?
True
Does 18 divide 11586145?
False
Is 566 a factor of 657947?
False
Is 163067 a multiple of 29?
True
Does 143 divide 243243?
True
Is 66395 a multiple of 92?
False
Does 7 divide 1803132?
False
Does 199 divide 1279371?
True
Is 9 a factor of 4002867?
True
Is 1074305 a multiple of 341?
False
Is 37950 a multiple of 11?
True
Is 78273 a multiple of 30?
False
Does 10 divide 43853?
False
Is 373 a factor of 1382356?
False
Is 543880 a multiple of 10?
True
Is 58 a factor of 398803?
False
Is 139 a factor of 1768126?
False
Is 4 a factor of 172789?
False
Is 15 a factor of 147430?
False
Is 41713533 a multiple of 31?
False
Is 14 a factor of 16018?
False
Is 24 a factor of 12075614?
False
Is 16 a factor of 18726592?
True
Is 563 a factor of 2066773?
True
Does 2 divide 1962316?
True
Is 91 a factor of 861497?
True
Is 533142 a multiple of 16?
False
Does 66 divide 4604688?
True
Is 23 a factor of 135746?
True
Is 40950 a multiple of 35?
True
Is 84 a factor of 2964444?
True
Is 106267 a multiple of 2?
False
Is 1459445 a multiple of 16?
False
Does 10 divide 1112315?
False
Is 98 a factor of 214032?
True
Does 80 divide 6921?
False
Is 47 a factor of 4964516?
True
Is 2013264 a multiple of 164?
True
Does 5 divide 32577?
False
Is 36350 a multiple of 24?
False
Does 25 divide 7889300?
True
Does 40 divide 52480?
True
Is 240570 a multiple of 594?
True
Is 6 a factor of 1895976?
True
Is 314 a factor of 2040446?
False
Does 13 divide 106708?
False
Is 324162 a multiple of 81?
True
Is 340816 a multiple of 32?
False
Is 22124018 a multiple of 38?
True
Does 17 divide 3350513?
True
Does 115 divide 5815162?
False
Is 9 a factor of 9168868?
False
Is 85878 a multiple of 39?
True
Does 309 divide 409202?
False
Is 115940 a multiple of 748?
True
Is 59761 a multiple of 33?
False
Is 1312705 a multiple of 703?
False
Does 8 divide 980509?
False
Is 13 a factor of 714592?
False
Is 10491376 a multiple of 283?
True
Is 20 a factor of 12505360?
True
Does 13 divide 3595618?
True
Is 418 a factor of 2117?
False
Is 132 a factor of 341872?
False
Is 36806 a multiple of 22?
True
Is 38 a factor of 12388?
True
Is 5380999 a multiple o